40627?
3, 7, 32582887
What are the prime factors of 317881139?
317881139
List the prime factors of 6170519181.
3, 2056839727
What are the prime factors of 995234911?
11, 101, 895801
List the prime factors of 1567050.
2, 3, 5, 31, 337
List the prime factors of 8549176289.
53, 1493, 108041
List the prime factors of 406103583.
3, 135367861
What are the prime factors of 7411469617?
17, 13151, 33151
List the prime factors of 7940575.
5, 19, 73, 229
What are the prime factors of 931334493?
3, 310444831
What are the prime factors of 23732672?
2, 19, 29, 673
What are the prime factors of 47878429?
5051, 9479
What are the prime factors of 69981526?
2, 211, 165833
List the prime factors of 92505517.
13, 17, 23, 18199
What are the prime factors of 2266579894?
2, 1133289947
What are the prime factors of 13223345?
5, 2644669
What are the prime factors of 56320325?
5, 43, 52391
What are the prime factors of 293215374?
2, 3, 71, 229433
List the prime factors of 42080914.
2, 29, 37, 19609
What are the prime factors of 111293183?
137, 812359
List the prime factors of 14465580.
2, 3, 5, 241093
What are the prime factors of 1197810119?
11, 557, 195497
What are the prime factors of 4026648?
2, 3, 167777
List the prime factors of 1466287946.
2, 1229, 596537
List the prime factors of 53316292.
2, 367, 36319
What are the prime factors of 63771588?
2, 3, 31, 57143
List the prime factors of 1130253813.
3, 13, 197, 49037
List the prime factors of 28611803.
11, 659, 3947
What are the prime factors of 803374089?
3, 7, 38255909
What are the prime factors of 92235728?
2, 13, 19, 23339
What are the prime factors of 590462976?
2, 3, 41, 293
What are the prime factors of 53070932?
2, 2411, 5503
List the prime factors of 192160383.
3, 149, 429889
What are the prime factors of 4305624702?
2, 3, 23, 31200179
List the prime factors of 88922673.
3, 7, 1411471
What are the prime factors of 1024073452?
2, 3529, 72547
List the prime factors of 1394341091.
11, 13, 43, 17443
What are the prime factors of 19372136?
2, 7, 53, 61, 107
What are the prime factors of 2262135219?
3, 754045073
What are the prime factors of 9523534?
2, 89, 53503
What are the prime factors of 5020204?
2, 7, 41, 4373
What are the prime factors of 664219636?
2, 7589, 21881
What are the prime factors of 52888694?
2, 419, 63113
List the prime factors of 792040248.
2, 3, 3666853
List the prime factors of 25363836.
2, 3, 704551
What are the prime factors of 13124028?
2, 3, 61, 17929
List the prime factors of 154013332.
2, 11, 31, 112913
What are the prime factors of 865528844?
2, 216382211
List the prime factors of 737389673.
737389673
List the prime factors of 56329857.
3, 17, 7219
What are the prime factors of 994259625?
3, 5, 2651359
What are the prime factors of 16679062?
2, 223, 37397
What are the prime factors of 555921831?
3, 149, 1243673
What are the prime factors of 68984591?
13, 29, 41, 4463
List the prime factors of 72492596.
2, 11, 23, 71633
List the prime factors of 36324324.
2, 3, 821, 1229
What are the prime factors of 474161591?
474161591
List the prime factors of 736643552.
2, 23020111
What are the prime factors of 165222752?
2, 1979, 2609
What are the prime factors of 1850964715?
5, 179, 2068117
List the prime factors of 140849954.
2, 7, 101, 99611
What are the prime factors of 3935144708?
2, 11, 137, 652811
What are the prime factors of 34180150?
2, 5, 683603
List the prime factors of 123419137.
123419137
List the prime factors of 827202598.
2, 3361, 123059
What are the prime factors of 60674683?
17, 71, 2957
List the prime factors of 23328212.
2, 5832053
What are the prime factors of 578143368?
2, 3, 11, 729979
List the prime factors of 236464620.
2, 3, 5, 7, 563011
What are the prime factors of 4302468?
2, 3, 119513
What are the prime factors of 19563960?
2, 3, 5, 13, 12541
List the prime factors of 479819001.
3, 159939667
List the prime factors of 283614542.
2, 151, 939121
List the prime factors of 13839769.
1229, 11261
What are the prime factors of 6275127?
3, 2091709
List the prime factors of 15475491.
3, 17, 41, 2467
List the prime factors of 92888918.
2, 17, 2732027
List the prime factors of 47885331.
3, 13, 1227829
List the prime factors of 618672970.
2, 5, 2683, 23059
List the prime factors of 18849662.
2, 13, 53, 13679
List the prime factors of 32594825.
5, 1303793
List the prime factors of 145414073.
7, 17, 23, 53129
What are the prime factors of 17485472?
2, 19, 28759
What are the prime factors of 2667024639?
3, 23, 37, 348221
What are the prime factors of 79050704?
2, 4940669
List the prime factors of 1889289614.
2, 944644807
List the prime factors of 97515039.
3, 4679, 6947
List the prime factors of 391498113.
3, 181, 720991
What are the prime factors of 58931387?
58931387
List the prime factors of 214819567.
19, 89, 127037
List the prime factors of 102769372.
2, 139, 184837
List the prime factors of 112645718.
2, 19, 156019
List the prime factors of 1518291886.
2, 613, 1238411
List the prime factors of 2051420194.
2, 1025710097
List the prime factors of 125597159.
125597159
List the prime factors of 2687005754.
2, 17, 73, 1082597
List the prime factors of 846338508.
2, 3, 19, 65123
List the prime factors of 4457550380.
2, 5, 3709, 60091
What are the prime factors of 104614481?
17, 6153793
List the prime factors of 384029790.
2, 3, 5, 97, 131969
List the prime factors of 2460536412.
2, 3, 17, 23, 524411
What are the prime factors of 503955373?
19, 71, 397, 941
List the prime factors of 12273742.
2, 13, 472067
What are the prime factors of 5102138988?
2, 3, 59, 1151, 2087
List the prime factors of 50977713.
3, 17, 999563
What are the prime factors of 151313849?
23, 6578863
List the prime factors of 1314055511.
17, 29, 2665427
What are the prime factors of 40751340?
2, 3, 5, 7, 83, 167
List the prime factors of 195641441.
195641441
What are the prime factors of 113434488?
2, 3, 1575479
List the prime factors of 25182680.
2, 5, 629567
List the prime factors of 40873464.
2, 3, 189229
List the prime factors of 153130355.
5, 7, 4375153
What are the prime factors of 1189218156?
2, 3, 7, 31, 257, 1777
What are the prime factors of 4189144821?
3, 199, 419, 16747
List the prime factors of 297941370.
2, 3, 5, 9931379
What are the prime factors of 1477664607?
3, 1063, 463363
List the prime factors of 1880630822.
2, 7, 134330773
List the prime factors of 10870803.
3, 17, 227, 313
List the prime factors of 190126854.
2, 3, 613, 17231
List the prime factors of 38167672.
2, 23, 207433
List the prime factors of 138590405.
5, 193, 143617
List the prime factors of 1298110454.
2, 97, 653, 10247
List the prime factors of 242023855.
5, 5113, 9467
What are the prime factors of 90847571?
90847571
What are the prime factors of 83096539?
23, 3612893
What are the prime factors of 23759364?
2, 3, 1979947
What are the prime factors of 30401838?
2, 3, 562997
List the prime factors of 1728973963.
23, 75172781
List the prime factors of 1045490204.
2, 11, 37, 239, 2687
What are the prime factors of 568532144?
2, 1051, 33809
What are the prime factors of 3638083853?
67, 54299759
What are the prime factors of 35539019?
79, 349, 1289
List the prime factors of 231749998.
2, 115874999
List the prime factors of 288649411.
43, 1109, 6053
List the prime factors of 1024153209.
3, 109, 269, 3881
What are the prime factors of 2164547203?
7, 13, 19, 1251907
What are the prime factors of 190146318?
2, 3, 31691053
What are the prime factors of 138646525?
5, 173, 32057
What are the prime factors of 26031830?
2, 5, 11, 236653
List the prime factors of 261822828.
2, 3, 21818569
List the prime factors of 1004367348.
2, 3, 27899093
List the prime factors of 393457444.
2, 73, 1347457
What are the prime factors of 408560686?
2, 19, 10751597
List the prime factors of 2165088452.
2, 587, 922099
List the prime factors of 124844023.
23, 167, 32503
List the prime factors of 6191120861.
6191120861
What are the prime factors of 6304624755?
3, 5, 11, 13, 2939219
List the prime factors of 21916264.
2, 17, 161149
List the prime factors of 1312068184.
2, 7, 23429789
List the prime factors of 2507803192.
2, 313475399
What are the prime factors of 210437951?
17, 31, 83, 283
What are the prime factors of 342725805?
3, 5, 103, 73943
List the prime 